the value of -1 + 2 - (-60 - -53)?
8
0 + -7 + (9 - 3)
-1
Evaluate -1 + 2 + (-9 - -4).
-4
1 + -13 - ((-1 - 4) + 0)
-7
10 - -2 - (3 - 8 - -12)
5
Evaluate -1 + (-1 - 1) + -6 + 5.
-4
Evaluate 9 - 0 - 4 - 5.
0
-7 - (3 + -6 + 1)
-5
Calculate 3 + -4 + (3 - 3) - -2.
1
Evaluate 5 + -3 - ((-5 - 1) + 4).
4
Evaluate -33 + 39 - (0 + -1 + 3).
4
3 - (1 + 1 + -4 - 3)
8
What is -1 - (-8 + (-1 - (-3 - 2)))?
3
Evaluate 2 + -6 + 6 - (-1 + -2).
5
What is (-3 - -6) + 1 - (-3 + 3)?
4
-3 + -2 + -4 + 11
2
Evaluate 12 + -9 + (7 - 4).
6
Evaluate -2 - -2 - -6 - 2.
4
What is the value of 2 - 5 - 1 - -5?
1
Evaluate -8 - -5 - (-3 + -1 + 1).
0
What is the value of 4 + 2 + (-3 - 8)?
-5
0 - (-3 + 8 + -1 - -4)
-8
-8 + 5 + -5 + (-1 - -5)
-4
What is -3 - (6 - 5) - (3 + -1)?
-6
What is the value of 1 - 8 - (-69 + 66)?
-4
Calculate -146 + 142 - (1 - (-2 + 1)).
-6
Evaluate (-13 - (-7 - 2)) + 1 + -1.
-4
Evaluate 464 + -446 + -1 + 1 + -8.
10
Evaluate (-2 - -3) + (-4 - -9) + -2.
4
Evaluate (3 - 3) + 1 - (-2 + 2).
1
Calculate (3 - 1) + -17 + 21.
6
Evaluate -3 - (0 + (1 - 4)) - -2.
2
What is -2 + 1 + -3 + 0?
-4
1 + (-3 - -5) - (0 + 10)
-7
What is the value of (4 - 1) + 2 + -4?
1
What is 2 + (0 - -2 - (-1 + 1))?
4
What is the value of 0 + -15 - (-36 - -31)?
-10
-4 - 4 - (-17 - -5)
4
Calculate (5 - 0) + (19 - 23).
1
Calculate 11 + -13 - (3 + -3 - -3).
-5
Calculate 0 + -3 + (111 - 105).
3
What is (2 - 3) + 16 + -11?
4
Evaluate 3 + (4 - 5) - (-3 - 0).
5
What is -3 - -6 - ((-5 - -1) + 2)?
5
What is 20 + -7 + -21 + -2?
-10
Evaluate 0 + 6 - -1 - 13.
-6
1 - -9 - (25 - 17)
2
Calculate (14 - (-12 + 37)) + 7.
-4
Calculate 7 - (13 - (15 - 9)).
0
(0 - (4 + -11)) + -1 + -4
2
What is the value of 6 - (12 + -1 - 2)?
-3
What is the value of 16 + (-11 - -1) - 5?
1
Evaluate 32 + -24 + (-2 - (0 - 0)).
6
17 + -6 + 14 + -25
0
Evaluate 3 - ((-3 - (-8 - -1)) + -8).
7
Calculate 0 + -1 - (-3 + 2 - 0).
0
Evaluate 10 + -1 + -9 + (1 - -4).
5
What is the value of 1 + 1 + 2 + (-9 - -9)?
4
Evaluate (-26 - -19) + 10 + 2.
5
Calculate 9 - 11 - (1 + 1).
-4
Calculate (7 - 3) + -9 - -3.
-2
Evaluate (-6 - (-3 + 4) - -5) + -3.
-5
(-4 + 3 - -2) + 2 + -2
1
What is the value of 0 - -5 - (3 - 4) - -2?
8
What is the value of (4 - 1) + -10 + 12?
5
-6 + (22 - 14) + (4 - 2)
4
What is the value of -2 + (2 - (-4 + 0))?
4
Calculate (0 - -4) + -1 - (3 - 2).
2
Calculate 7 - 4 - (-12 + 12).
3
What is the value of -2 + (-1 + -3 - (-2 - -1))?
-5
Calculate 6 - (-3 - (11 + -16)).
4
What is 5 - (-6 + 3 + (-3 - -2))?
9
(0 + -2 - (0 + 1)) + 0
-3
Evaluate 5 - 5 - (-1 + 4).
-3
What is (0 - 8) + (-8 - -20)?
4
Calculate 6 - (-2 - (0 + -4)).
4
What is (3 - 2) + -8 + 6?
-1
What is -14 + 8 + 1 + 4?
-1
Evaluate 0 - -9 - (4 + 0).
5
What is the value of (4 - -1 - (1 + 9)) + 3?
-2
What is the value of 4 + (0 - (9 - 4) - -5)?
4
What is 7 - (6 + (7 - -4))?
-10
-2 + -3 + 4 + -1 - 0
-2
What is (1 + -8 + -1 - -7) + 2?
1
What is 2 + -1 + 13 + -7?
7
Calculate 4 - (12 - (3 + 2)).
-3
1 - (7 + 0 + -5) - 0
-1
Calculate (-12 - (1 + -1 - -2)) + 7.
-7
-2 - (-2 - 2) - 7
-5
What is the value of (3 - 7) + 7 + (5 - 9)?
-1
What is the value of -8 + 8 + -6 + 12 - -2?
8
Calculate (9 - 3) + -15 + 3 + 2.
-4
Evaluate 1 + (5 - (5 - 3)) - 4.
0
Calculate -2 - (-4 - -4 - 3).
1
Evaluate 9 + -5 + 3 + -4.
3
Evaluate (-4 - -5) + (1 - 2 - -2).
2
7 - (7 - (2 - -1))
3
-11 + 7 + (13 - 4)
5
Evaluate -4 - -6 - (-2 - -3).
1
What is -1 + -2 - (-1 - -3)?
-5
What is 4 + 4 + -8 + -1 + 5?
4
What is -6 + 8 + (-3 - -5)?
4
What is the value of (-2 - -3 - 2) + 8 + -7?
0
What is the value of 0 - -2 - (2 + 4 + -7)?
3
What is -1 - (6 + 1 + 1) - -4?
-5
Calculate -6 + 0 + -3 + 3 + 0.
-6
Evaluate 4 + -6 + -2 + -3 + 1.
-6
Calculate 4 - 0 - (27 + 26 + -53).
4
What is -4 - (-4 + -2 + -2) - 7?
-3
Calculate 7 + -1 - (9 - (-6 - -16)).
7
Calculate 4 - (-3 + 8) - 4.
-5
What is (-9 - -3) + (6 - 9 - -3)?
-6
Calculate 0 + -5 + 4 - -1.
0
Evaluate 1 - -5 - ((13 - 10) + 5).
-2
6 - 0 - (6 - 0)
0
What is -10 + -5 + 15 + -4?
-4
Calculate 8 - (-1 - (-1 - (7 + -7))).
8
What is (5 + 1 - (8 + -7)) + -1?
4
What is the value of -5 + 0 + 0 + -1 + 3?
-3
Calculate (-3 - (3 - -4)) + 8 - -5.
3
Evaluate 1 + (-7 - (-3 + -7)).
4
What is the value of (-8 + 13 - 1) + 1?
5
Calculate -1 + -1 + (2 - 0) - 5.
-5
Calculate 8 + (1 - 6) - -3.
6
What is the value of (1 - (-4 - -10)) + (-5 - -4)?
-6
-17 + 7 + -9 - -5 - -5
-9
What is (2 - (-7 - -8)) + 4 + 0?
5
What is 0 - 5 - -8 - 0?
3
What is 7 - (6 + (-19 - -11))?
9
What is the value of -6 + (12 - 5) + (2 - 0)?
3
What is the value of (0 + -2 - (2 + -5)) + -2?
-1
Calculate 5 - (2 + 1 + 2) - 3.
-3
Calculate 3 + 3 - (-2 - -4).
4
Calculate -3 - (12 - (17 + -2)).
0
-69 + 72 + (-1 - 2)
0
What is 7 - (6 - 11 - -12)?
0
Evaluate (18 - 5) + 0 + -5.
8
7 + (23 - 13) - 13
4
What is -5 + 13 + -3 - -2?
7
What is (0 - 5 - -2) + 4?
1
What is (3 - (6 + -7)) + -4?
0
Calculate 9 + 2 - (-6 - -9).
8
Evaluate 2 + (-3 - 0) + 4 + -7.
-4
Evaluate 2 - (-8 - -4 - -2) - 0.
4
3 - -5 - (-7 - -10)
5
What is 3 - (9 + -1 - (0 + 1))?
-4
What is the value of (-11 - 3) + (-18 - -27)?
-5
What is the value of -1 + (-8 - (-2 - 5 - 9))?
7
Evaluate 5 - 2 - (9 + -3).
-3
4 + -8 - ((0 - 2) + 0)
-2
Calculate -4 + 2 + (1 - 4) + 2.
-3
-4 + 4 + -3 + 0
-3
What is the value of -22 + 23 - (-8 - (-3 + 2))?
8
Calculate -2 - (-13 - -3) - (6 - 4).
6
Calculate -3 + (7 - (2 + 5)).
-3
11 - (-4 - (-8 - 3))
4
Calculate -4 - -3 - (2 + -1).
-2
(-1 + -5 - -10) + 6
10
What is the value of 4 + (6 - (-9 - -23))?
-4
Calculate (-5 - (-10 - -5)) + -4.
-4
Evaluate 49 + -55 + -3 + 11.
2
Calculate 3 + -5 - (8 - 7).
-3
What is the value of (1 - (1 + -2)) + 15 + -18?
-1
What is the value of (-2 + -6 - 4) + 14?
2
What is 0 + (-3 - 1) + 7 + 0?
3
Calculate -10 - -8 - (2 + -1).
-3
Calculate -2 + 1 + (-6 - -7).
0
Evaluate (2 + 5 - 4 - 2) + -5.
-4
-15 - -10 - (-6 - -1)
0
What is (-8 + 6 - -2) + -4?
-4
What is the value of -4 - -2 - (2 - 6)?
2
-9 - ((-17 - -9) + -5)
4
(-7 - -10) + (3 - 11)
-5
What is the value of (-10 - -8) + -2 + 2?
-2
What is 1 + -2 + 2 - (-44 + 45)?
0
Evaluate 23 + -9 - 18 - 3.
-7
(-6 - -6) + (-4 - (2 + -12))
6
What is 1 + 0 + (6 - 2) + -7?
-2
Calculate (1 - 4) + -6 + -4 + 7.
-6
What is the value of 1 + (-11 - -10 - (-1 + -2))?
3
What is (-8 - -14) + -7 + 4?
3
What is -3 + 4 + -2 - -5?
4
(5 - (-2 + 4)) + -3
0
What is 4 - 11 - -9 - 0?
2
Calculate 0 + -4 - ((-5 - 3) + 8).
-4
What is -7 + (1 - -3) + 0?
-3
7 - (0 + (1 - -8)) - -5
3
3 + -5 + (-5 + 3 - 1)
-5
Evaluate 2 + (6 - -1 - 10 - -1).
0
(2 - 2) + (2 - -14 - 17)
-1
-42 - -31 - (3 - (9 - -2))
-3
Calculate 0 + 7 + 4 + (-2 - 3).
6
What is -4 + (1 - 3) + 2?
-4
1 + -4 + 1 + (-2 - 0)
-4
(-15 - -3) + -3 - -16
1
Calculate -2 + (17 - 13 - 6).
-4
What is the value of -8 - (-5 - (-3 - (-3 - -2)))?
-5
What is -2 + 3 - (3 + 1 + -1)?
-2
Calculate 6 + 3 + -5 + 2 + -2.
4
Evaluate 7 + -2 - 0 - (-4 - -4).
5
What is 1 - (2 - -5) - 0?
-6
Evaluate -5 - (1 - (0 + 1)).
-5
Calculate -5 + (0 - -3 - (7 - 6)).
-3
Evaluate 3 - (5 - 4 - -6).
-4
Evaluate -2 + (-2 - (4 - (3 + 5))).
0
What is the value of -4 + 3 + (-3 - -4)?
0
Calculate -6 - (9 - (-10 - -15)).
-10
What is -9 + 10 + -1 + 1?
1
What is (4 + 3 - 6) + (6 - 14)?
-7
-5 + 7 + -9 + (0 - -2)
-5
Evaluate 0 - (2 + -1 - 3 - -1).
1
What is (3 - (-2 + 0)) + (10 - 14)?
1
Calculate -8 + 15 + -3 + -6.
-2
-8 + -1 - (-7 - -1)
-3
Evaluate (11 - 1) + 25 + -30.
5
Calculate 47 + -31 - (9 + 0).
7
4 + -1 + -10 + 13 + 1
7
(0 - 3 - (8 - 7)) + 3
-1
Evaluate 4 + 1 - (-6 - -14).
-3
What is 4 - (3 + (6 - 2 - 1))?
-2
What is the value of 17 + -1 + (5 + -1 - 10)?
10
What is the value of 5 - (1 + (-1 - -5 - 3))?
3
What is 8 + -3 - 0 - 3?
2
Evaluate -2 - -10 - (15 - 12).
5
Calculate 7 + 4 + -3 - (1 - -7).
0
What is 55 + -68 - (0 - 9)?
-4
Evaluate (-12 - -19) + -13 - (-8 + 1).
1
Evaluate 4 + (-3 - -2 - 0).
3
Evaluate -2 - (-2 - (3 + 3 - 2)).
4
Evaluate 1 - (-1 + 3 + -3 + -1).
3
Evaluate 20 + -31 - (-7 + 1).
-5
What is the value of 1 - (12 + (-4 - (-1 + 1)))?
-7
What is the value of -4 - (4 - ((26 - 6) + -4))?
8
What is 0 - (4 + -6) - (0 - 0)?
2
Calculate (-3 - 0) + 23 + -16.
4
What is 0 - -3 - 7 - -5?
1
-10 + (2 - 0) - -5
-3
Evaluate -14 + 1 - -5 - (1 - 3).
-6
(12 - 14) + -5 + 2 + 1
-4
Calculate 3 - (12 - (-11 - -30)).
10
Calculate -2 + 4 + -4 - -7.
5
Calculate (-17 - -5) + (-2 - -13).
-1
Evaluate -3 + 8 + -9 